culate the greatest common factor of 539 and f.
49
Suppose 101 = u - 12. Let k = 130 - u. Calculate the greatest common factor of 136 and k.
17
Let y = 3628 - 3572. Calculate the highest common factor of y and 32.
8
Suppose 593 = 5*k + c, -129*k + 125*k = -4*c - 508. Let a(q) = -q**3 - 2*q**2 - q. Let u be a(-4). What is the greatest common factor of k and u?
12
Let m(t) = -t**2 - 7*t - 5. Let g be m(-5). Let c = 676 + -673. Suppose 3*h - 120 = -3*v, 0 = 5*v + c*h - 188 - 2. What is the highest common factor of g and v?
5
Let z(y) = -2*y**3 + 44*y**2 - 15*y - 130. Let w be z(21). Let k = 38 + -19. Calculate the greatest common factor of k and w.
19
Let c be (106/1 - 2) + -3 + -1. Suppose -2*n + c = z + 4*z, 3*z - 46 = -4*n. Suppose -26*y + z*y = -8. Calculate the greatest common divisor of y and 5.
1
Suppose 162 - 393 = -3*m. Let a be (-3 - (-275)/m)/(4/98). Calculate the highest common factor of 322 and a.
14
Suppose 14*p - 70 = 28. Let s be 44 - (5/(-5) + (3 - p)). What is the highest common divisor of s and 7?
7
Let v(q) = q**2 - 46*q + 93. Let j be v(44). Let w = -2 - -5. Suppose -3*k + 267 = w*t, j*t = 2*k + 2*k + 454. Calculate the highest common divisor of 10 and t.
10
Suppose j + 0*j = 81. Suppose -z - 4*x = -48 - 36, 0 = -z - 5*x + j. Let w be (-4)/8 - (-3 - (-228)/(-24)). Calculate the greatest common divisor of w and z.
12
Suppose -163*d - 180 = -506. Calculate the highest common factor of d and 334.
2
Let n be ((-88)/20)/(2/(-20)). Let v be 9 + -5 + (-2 - 43). Let a = n + v. Calculate the highest common divisor of a and 9.
3
Suppose -68*t + 40 = -60*t. Suppose -t*x + 148 = -5*y + 43, -5*x + 125 = -y. What is the highest common factor of x and 286?
26
Let h = -66 + 80. Suppose -22 = h*o - 3*o. Let n be (o*1)/(10/(-90)). What is the greatest common factor of n and 162?
18
Let j be (156/(-5))/((-63108)/2520 + 25). What is the highest common factor of 91 and j?
91
Let h(y) = 851*y**2 - 3*y - 3. Let g be h(-1). Calculate the greatest common divisor of 115 and g.
23
Let p be (6/(-4))/((-24)/48). Let y be p/30*15 + 110/4. Calculate the highest common factor of y and 377.
29
Let l(k) = k. Let c(h) = -2*h**3 + 13*h**2 + 8*h. Let q(d) = c(d) - 4*l(d). Let z be q(6). What is the highest common divisor of z and 24?
12
Let u(d) = -d**3 - 15*d**2 + 6*d + 111. Let p be u(-15). What is the greatest common divisor of 2541 and p?
21
Let s(y) = 9*y**2 + 35*y + 9. Let r be s(-4). Let j(v) = -27*v + 8. Let z be (2/(-3))/(6/45). Let a be j(z). Calculate the greatest common divisor of a and r.
13
Suppose -6 = 4*p - 2. Let q be 19/(-2)*(-1 + p). Let a(k) = 1924*k - 5715. Let z be a(3). Calculate the highest common factor of q and z.
19
Suppose 0 = -10*n + 173 + 267. Let k be (n/8 + -4)*12/9. What is the greatest common factor of 34 and k?
2
Suppose 4*n + 4*z - 552 = 0, 324*n - 328*n = -z - 527. Calculate the greatest common factor of n and 95.
19
Let z be 26/(-10) + 2 - 1808/(-5). Let q(x) = -2*x**3 - 5*x**2 - 5*x - 5. Let f be q(-3). Calculate the greatest common divisor of f and z.
19
Let g(b) = -152*b - 100. Let m be g(-1). Calculate the greatest common factor of m and 988.
52
Suppose -37*v + 44*v = 84. Let z(r) be the first derivative of r**2/2 + 10*r - 2. Let f be z(-6). Calculate the greatest common factor of f and v.
4
Suppose -6*f + 30*f - 106847 - 95041 = 0. Calculate the greatest common factor of 24 and f.
12
Suppose -998 = -39*v - 62. Calculate the greatest common divisor of 116 and v.
4
Let x(n) = 3*n**2 + 3*n + 18. Let p = 35 - 32. Suppose -p*u + 2*y = 4*y - 23, 5*u - 21 = y. Let k be x(u). What is the highest common divisor of 12 and k?
12
Let z(x) = -2*x**2 + 18*x - 41. Let v be z(5). Let c be ((-6)/((-30)/(-275)))/v. Calculate the highest common divisor of c and 88.
11
Let n be (75 - 72)/((-4)/(-30)*(-15)/(-6)). Suppose 2*u + 3*h = 393, -2*h + 85 - 264 = -u. Calculate the greatest common divisor of n and u.
9
Let v(y) = 2*y**3 - 70*y**2 - 73*y + 45. Suppose -3*f = 5*h - 103, 2*f + 2*h - 69 = 1. Let u be v(f). Calculate the greatest common divisor of u and 99.
9
Let l(q) = 213*q - 7908. Let u be l(42). Calculate the greatest common divisor of 22 and u.
2
Let z be -7*(-1 + 3 + 3/(-3)). Let f be z/(-2)*60/35. Let v be (-32)/(-6)*27/f. What is the greatest common divisor of v and 168?
24
Suppose -992 = -48*y + 256. Calculate the greatest common factor of y and 8385.
13
Let r(f) = -34*f - 1590. Let s be r(-55). What is the greatest common divisor of s and 945?
35
Let o be ((-39)/(-5))/(-9 + 644/70). Let h = 42 + 49. What is the greatest common factor of o and h?
13
Let f = -1504 + 2024. Calculate the greatest common divisor of 1352 and f.
104
Suppose -4*q - 22 = -3*m, -71*q = 3*m - 68*q - 15. Calculate the greatest common factor of m and 192.
6
Suppose f - 6*f + 6 = -4*l, 1 = l. Let d(o) = 7*o**2 - 9*o**2 + 12*o**2 - 7*o + 8*o - 1 + f*o**3. Let q be d(-4). What is the highest common divisor of q and 9?
9
Suppose -2 = -g, 5*g + 250 = -3*b + 572. Calculate the greatest common factor of 1296 and b.
8
Let a be 12/(-15)*25/(-2). Suppose 0 = -2*p - 3*g + g + 16, g - 16 = -3*p. Let h be 5/(p - ((0 - -1) + 2)). What is the greatest common divisor of h and a?
5
Suppose 1284 = -4*j - g + 10285, -3*j + 6749 = -g. Calculate the highest common divisor of 135 and j.
45
Suppose 0 = w - 4*w + 15. Let x = 29 - 13. Suppose -x*u + w*u + 132 = 0. Calculate the highest common divisor of 6 and u.
6
Let b = -148 + 182. Suppose -b*d - 54 = -40*d. What is the greatest common divisor of 225 and d?
9
Suppose 38*g - 28 = 34*g. Suppose -g*h + 0*h = -889. Suppose 165 = v + 2*v + q, -2*v = -5*q - h. Calculate the highest common divisor of v and 28.
28
Let x(v) = 19*v**3 - 2*v**2 + 4*v - 8. Let g be x(2). Let b = 153 - g. Calculate the greatest common factor of 27 and b.
9
Suppose t - 4*f - 11 = 20, -88 = -4*t + 4*f. Suppose 3*y + 7 = t. Suppose -y*p = -47 - 85. What is the highest common factor of p and 264?
33
Let f(d) = 114*d - 614. Let i be f(9). Calculate the highest common factor of i and 5150.
206
Let t be 9504/11*((-4305)/(-150) - 6/5). What is the greatest common divisor of t and 11?
11
Suppose -4*j - 3*g + 214 = 0, -4*g = -3*g + 2. Let o = -145 + 156. Calculate the highest common divisor of j and o.
11
Suppose 3*t = 7*t - 16. Let v = 72 + -52. Suppose 3*j = 5*j - 2*n - v, -t*j + 2*n = -40. What is the greatest common divisor of 70 and j?
10
Suppose -15 = -5*f + 30. Suppose 38*d - 93554 = -92870. What is the greatest common divisor of f and d?
9
Let v be (-2)/(-20)*-2*92/((-3496)/5130). Calculate the highest common factor of 5328 and v.
9
Let l be 140/(-6)*(-2376)/231. Let r = -199 + 329. Let v = l - r. What is the highest common divisor of 10 and v?
10
Let o(z) = -20*z - 64. Let i be o(-2). Let c = i + 141. Calculate the highest common divisor of 91 and c.
13
Let v(y) = -34*y**3 - 102*y**2 - 17*y + 2. Let t be v(-4). What is the highest common factor of 12587 and t?
307
Suppose 0 = 25*x - 12882 + 57. Let s(d) = -17*d - 92. Let p be s(-7). What is the greatest common factor of p and x?
27
Let t(q) = -q**2 + 15*q - 50. Let m = 85 + -78. Let b be t(m). What is the greatest common factor of b and 138?
6
Suppose -4*p + 0*p + 1 = 5*i, 3*p = i + 15. Suppose p*d + 3*h + h - 96 = 0, -116 = -5*d - 3*h. What is the highest common divisor of d and 143?
11
Suppose -121 - 191 = -13*q. Suppose -2*j + 12 = -q. What is the greatest common factor of j and 144?
18
Let b = -77 - -10227. Let q be b/30 + 2/(-6). What is the highest common factor of 26 and q?
26
Let n(o) = 16*o - 109. Let q(j) = 2. Let k(v) = -n(v) + 7*q(v). Let d be k(2). What is the highest common divisor of d and 49?
7
Let b(l) = l - 1. Let p be b(0). Let r be ((4/3)/p)/(3/126). Let j = 60 + r. What is the highest common factor of 16 and j?
4
Suppose -78*c - 27384 = -85*c. Suppose -2*u + 5*m + 2800 = 0, m + c + 1688 = 4*u. Calculate the highest common divisor of u and 25.
25
Let z(r) = 20*r - 208. Let c be z(37). Let h be 75/2 - 6/(-12). Calculate the highest common divisor of c and h.
38
Let g be (-12)/5*(4275/114)/(18/(-8)). Calculate the greatest common divisor of g and 10460.
20
Suppose 2*u = -7*u + 45. Suppose 224 = 5*v - 4*x, 3*x + u = -2*x. What is the highest common factor of v and 4?
4
Let d be -9 + (3398